t w be l(14). Give x(w).
2
Let o(u) = -7*u**3 - 3*u**2 + 9. Let n(r) = -6*r**2 - 4 - 8*r**3 + 21 - 5*r**3. Let t(w) = 6*n(w) - 11*o(w). Suppose 244 = -4*z + 232. Determine t(z).
3
Let b(r) = 118 + 3*r**3 + 178 - 296 - 2*r**3. Let p = -11 - -17. Suppose -l + 5 = -p*l. What is b(l)?
-1
Let z = 258 + -255. Let u(c) = -5*c + 4. Determine u(z).
-11
Let f(p) = p - 4. Suppose 24 = i + 5*c, 7*i - 32 = 4*i + 5*c. Let n = i - 11. Suppose n*g = -0*g. What is f(g)?
-4
Let u(a) = -a**2 + 8*a + 8. Let g = 20 - 24. Let y(f) = -1. Let d(w) = g*y(w) - u(w). What is d(8)?
-4
Let i(o) = -5*o**3 - o**2 + o - 9. Let d(f) = -f**3 - 2. Let w(n) = -4*d(n) + i(n). Calculate w(0).
-1
Let q(p) = -p**2 + 6*p + 1. Let j be q(6). Let m(b) = 3*b**3 - 7*b**2 - 7*b + 7. Let l(g) = 2*g**3 - g**2 - g + 1. Let o(s) = -6*l(s) + m(s). What is o(j)?
-10
Let z be (4 - 5 - -2) + -4. Let u(j) = 4*j - 4. Determine u(z).
-16
Suppose 15 = x + 4*x - 5*r, 3*r - 12 = 0. Suppose 3*j = -4 + 13. Let y(d) = -d**j - 10*d**2 - d + 3*d**2 + 2*d**3. Determine y(x).
-7
Let c(v) = -11*v + 18. Let n(h) = -h + 2. Let w(l) = c(l) - 10*n(l). Suppose -2*j = -4*q, -5*j + 2 = -5*q + 7. Calculate w(j).
0
Let t(x) = 12*x - 1. Let d be 564/44 + (-2)/(-11). Let g = -24 + d. Let q = 12 + g. Calculate t(q).
11
Let f(n) be the third derivative of -n**5/60 - n**4/6 + 2*n**3/3 + 2*n**2 + 1. Determine f(-6).
-8
Let v(y) be the second derivative of y**4/12 - 7*y**3/3 + 7*y**2/2 + 858*y. Calculate v(15).
22
Let m(b) = b + 2. Let x(u) = -4*u - 4. Let q(w) = 3*m(w) + x(w). Calculate q(4).
-2
Let y(x) = -x**2 - x - 1. Suppose t = 6*t. Give y(t).
-1
Let y(b) = 6*b + 1. Let z(f) = 2*f**2 - 15*f + 6. Let u be 116/6*27/18. Suppose 0 = -2*r - 5*m + u, -4*r + 0*m = 2*m - 34. Let n be z(r). What is y(n)?
-5
Let d(c) = 33 + 26 - c**3 - 4*c - 2*c + 5*c**2 - 55. Let s(g) = g - 1. Let l be s(8). Suppose 23 - l = 4*j. Determine d(j).
-4
Let s = 26 - 26. Suppose s = -2*b + 21 - 11. Suppose 5*k + 5*q = 45, 3*q = -3*k + b*q + 2. Let x(t) = -t**3 + 5*t**2 - t + 3. What is x(k)?
15
Let z be (-3 + 4)/((-2)/(-10)). Let k(c) be the first derivative of -c**4/4 + 5*c**3/3 - c - 11. Determine k(z).
-1
Suppose 4*n - 3*y = 6, -7 = -3*n - 0*y + y. Suppose 18 = 6*l - n*l. Let p(w) = w**2 - 6*w + 2. Calculate p(l).
2
Let q be (-80)/(-32)*(-26)/5. Let f(n) = n**2 + 15*n + 17. Give f(q).
-9
Let z(g) be the first derivative of -g**2 - 3*g - 110. Determine z(-7).
11
Let r(x) = 9 + 2*x + 1 + 11 - 22. Suppose -7*a + 3*a = 4. Determine r(a).
-3
Suppose 11 = 2*m + 3. Let n(d) be the first derivative of -3*d**2/2 + 6*d - 5. Give n(m).
-6
Let s(j) = 28*j**2 - 8*j**2 - 19*j**2 + 6*j - 4. Give s(-7).
3
Let s(q) = q**2 - 5*q - 52. Let x be s(16). Let o = x + -122. Let a(g) = -2*g**3 + 3*g**2 - 3*g + 3. Calculate a(o).
-7
Let t(j) = 2*j**2. Let u = -9 - -11. Suppose 8 = u*f + 2*f. Suppose -4*n - 1 = -4*s + 11, -f*s + n + 5 = 0. Calculate t(s).
8
Let l(m) = 26*m - 1. Let f = -300 + 301. Give l(f).
25
Let t(v) = -v + 4. Let l be t(5). Let x(j) be the first derivative of -j**2/2 - 2*j - 304. Calculate x(l).
-1
Let j(m) be the first derivative of 4*m + m**2 - 9*m + 6 + 4. Give j(6).
7
Let v be (2 + -1 - 8) + 2. Let y(w) = -5*w - 5. Let f(j) = -j - 2. Let n(h) = h + 1. Let p(o) = f(o) + 2*n(o). Let i(x) = 4*p(x) + y(x). What is i(v)?
0
Let j(y) = -3*y + 6. Let q(s) = 2*s + 19. Let p(o) = 9. Let v(a) = -5*p(a) + 2*q(a). Let h(r) = 6*j(r) + 5*v(r). Give h(-5).
-9
Let a(m) be the first derivative of m**4/4 + m**3 + m**2 + 3*m - 1. Suppose -3*v = -4*b + 385, -2*v + 4*b - b - 257 = 0. Let c = -129 - v. Give a(c).
3
Let s(g) be the third derivative of -g**4/8 - 11*g**3/2 + 49*g**2 - 1. Give s(-9).
-6
Suppose -k + 0 = -3*d + 2, -2*d = k - 13. Suppose 4*y = k*y - 30. Let h = y + -8. Let i(f) = f**3 - 4*f**2 + 4*f - 3. Calculate i(h).
-3
Let o(t) = t + 8. Let v be o(-8). Suppose -3*m = -v*m + 15. Let w(k) = -5*k - 7. Let z(s) = -11*s - 15. Let g(h) = -13*w(h) + 6*z(h). Determine g(m).
6
Let u = 27 + -33. Let j = 16 - 12. Let h(k) = -j + 2 + 1 + k. Calculate h(u).
-7
Suppose 3*h - 4*v + 2 = 0, -10*v = -8*v + 2. Let o(i) = i**2 - 4*i - 9. Give o(h).
3
Let i be (-16)/4 - (-6 + 1). Let l(p) = 4*p**3 - i - 5*p**3 + 0*p**3 - 6*p**2. Give l(-6).
-1
Let y(b) = -b**2 + 8*b - 6. Let m(w) = -2*w - 22. Let n = -3 + -12. Let t be m(n). Determine y(t).
-6
Let x be (-316)/26 - 32/(-208). Let i(j) = j**3 + 11*j**2 - 11*j + 5. What is i(x)?
-7
Let q(c) = c - 4. Let g(m) = -m + 20. Let w(p) = -p**2 + 9*p - 1. Let a be w(7). Let b be g(a). Let z be q(b). Let h(k) = k - 2. Give h(z).
1
Let f = 16 + -16. Let l(h) = 2*h + 1 - 6*h**2 + 15*h**2 + f*h. Let q = -3 - -2. Give l(q).
8
Let m(c) be the third derivative of -c**5/15 - c**4/2 + c**3/6 + 11*c**2. Let n(d) = -5*d**2 - 13*d + 2. Let f(j) = 6*m(j) - 5*n(j). Calculate f(6).
-10
Let k(r) be the second derivative of r**5/20 - r**4/3 - r**3/6 - r**2/2 + 4*r. Let j be 2/((-12)/18)*(-8)/6. Calculate k(j).
-5
Let t(v) = v**3 + 6*v**2 - 2*v - 9. Let x(m) be the first derivative of -1/2*m**2 - 7 + 0*m. Let i be x(6). Calculate t(i).
3
Let t(s) = -6*s**2 + s + 1. Suppose 0 = -2*z - 23 + 7. Let g be z/3*27/(-18). Suppose 5 = -g*p + 1. Determine t(p).
-6
Let g(s) be the third derivative of -s**4/24 + s**3/6 + 4*s**2. Let b(n) = n - 2. Let j(i) = b(i) + 4*g(i). Give j(2).
-4
Let x(v) = v + 77 - 33 + v - 42. Determine x(-2).
-2
Let o(q) = -q + 4. Suppose -35*z + 19*z + 144 = 0. Give o(z).
-5
Let j(b) = b**3 + 14*b**2 - 30*b + 23. Let g be j(-16). Let w(p) = p**2 + 10*p + 1. What is w(g)?
-8
Let g(o) = 4 + 1 - 4 - 2*o**2 + 4*o. Let k = -68 + 71. What is g(k)?
-5
Suppose a + 2 = 0, 6*b - 4*b - 5*a = 18. Suppose 4*z - 4 - b = 0. Let u be (-1)/z + 5/2. Let w(f) = -7*f - 1. Determine w(u).
-15
Let s(j) = -j**3 + j**2 + 3*j + 1. Let c = 10 - 14. Let k be 4/5*10/c. Give s(k).
7
Let r(j) = 11*j + 14. Let f be r(-1). Let c(d) = -1 - d**3 + 0*d**2 + 5*d - 3 + 2*d**2. What is c(f)?
2
Let o(w) = -w**3 + 11*w**2 + 4. Let g be (1/6)/((-117)/(-7722)). Calculate o(g).
4
Let q(f) = 2*f**2 - 4 + 34*f - 78*f + 42*f. Calculate q(3).
8
Let o(k) = k**3 - 6*k**2 + 2*k + 4. Let q(f) = f**2 + 2*f + 2. Let d be q(-6). Let a = d - 29. Let h = 3 - a. Calculate o(h).
16
Let f(y) be the first derivative of -3*y**2/2 - 26*y - 293. Calculate f(-5).
-11
Let n(a) be the second derivative of a**3/6 + 2*a**2 + a. Suppose -9708 = 3*l - 9699. Determine n(l).
1
Let n(t) = -t**2 + 5*t + 2. Let p be (10/(-40))/(2/(-40)) + -2. What is n(p)?
8
Let n = 1 + -3. Let l(r) be the second derivative of r**6/360 + r**4/12 + r**3/2 - 7*r. Let p(t) be the second derivative of l(t). Determine p(n).
6
Let m(p) be the third derivative of -p**4/12 + p**2 + 1. Calculate m(6).
-12
Suppose -37 + 13 = -6*t. Let f(m) = 4 - 2 - 3 + t*m. What is f(1)?
3
Let u(c) be the third derivative of -3*c**6/40 - c**5/30 - c**4/12 - c**3/6 + 53*c**2. Calculate u(-1).
8
Let g(h) = -8*h**3 - 9*h**2 - 11*h + 16. Let q(u) = 5*u**3 + 5*u**2 + 6*u - 9. Let m(o) = 3*g(o) + 5*q(o). Give m(3).
3
Suppose -c = 3*c + 76. Let i = c + 18. Let l(p) = 9*p**2 + 4*p + 3. Let j(y) = -y**2 + y + 1. Let n(b) = 3*j(b) - l(b). What is n(i)?
-11
Let p(m) be the third derivative of -m**8/20160 - m**7/630 - m**6/144 + m**5/10 - 21*m**2. Let c(r) be the third derivative of p(r). Determine c(-6).
7
Let z(g) be the second derivative of -g**3/6 - 7*g**2/2 - 8*g + 19. Give z(0).
-7
Suppose 4*f - o - 15 = 40, 3*f + 3*o = 60. Suppose i + 4*i - f = 0. Let b(y) = 0 - y**2 + i*y + 0 - 6*y. Calculate b(-3).
0
Let r(h) be the first derivative of -2*h**3/3 - 5*h**2 - 16*h - 817. Calculate r(-5).
-16
Let c(y) = y**3 + 3*y**2 + y + 3. Suppose 0*a - 2*a + 10 = 0. Suppose z + 11 = o, 13 = -2*z + 4*o - a*o. Let q be 36/z*4/6. What is c(q)?
0
Let n be -2*((-21)/(-6) + -4). Let j(m) = -4*m - n + 2 + 1 + 5*m. Suppose -y + 6*w - w = 21, 5*y = w - 9. Give j(y).
1
Let d(l) be the third derivative of -l**7/252 - l**6/720 + 5*l**4/12 + 26*l**2. Let c(f) be the second derivative of d(f). Give c(1).
-11
Suppose 5*g - 16 = g. Suppose -g*i - 10 = -9*i. Let m(z) = -i*z + 6*z - 2*z - 3 + 4. Determine m(2).
5
Let l(t) = -4 + 5*t**2 - 241*t**3 - 3*t + 240*t**3 + 4. Give l(3).
9
Let t(h) = 14*h + 1. Suppose 1629*w = 1630*w + 1. Calculate t(w).
-13
Let t(p) be the second derivative of -p**5